{"id":7641,"date":"2023-02-01T19:51:38","date_gmt":"2023-02-01T18:51:38","guid":{"rendered":"https:\/\/ma.roger-gallet.com\/?post_type=product&#038;p=7641"},"modified":"2023-10-16T15:09:38","modified_gmt":"2023-10-16T13:09:38","slug":"savon-bienfaisant-100-g-2","status":"publish","type":"product","link":"https:\/\/ma.roger-gallet.com\/index.php\/produit\/savon-bienfaisant-100-g-2\/","title":{"rendered":"Savon Bienfaisant 100 g"},"content":{"rendered":"<div class=\"text-sm\" data-v-94472f64=\"\">\n<p>Icones des salles de bain devenus icones de la pop culture, les savons Roger&amp;Gallet parfument depuis 1879. Fabriqu\u00e9s &#8220;au chaudron&#8221; selon une m\u00e9thode artisanale qui perdure encore aujourd&#8217;hui, ils sont odorants et vous parfument de leur mousse fine jusqu&#8217;\u00e0 leur derni\u00e8re utilisation. Cette technique de parfumage &#8220;\u00e0 coeur&#8221; n\u00e9cessite 80 heures de fabrication pour chaque pi\u00e8ce. Habill\u00e9s de leur embl\u00e9matique &#8220;pliss\u00e9 soleil&#8221; aux couleurs pop, ils sont beaux, ils sentent bons, et distillent de la bonne humeur.<\/p>\n<\/div>\n","protected":false},"excerpt":{"rendered":"<div class=\"text-sm my-6\" data-v-94472f64=\"\">\n<p>Un cocktail d\u2019agrumes juteux tout juste cueillis qui redonne le sourire, anobli par la sensualit\u00e9 bois\u00e9e du patchouli.<\/p>\n<\/div>\n","protected":false},"featured_media":7642,"comment_status":"open","ping_status":"closed","template":"","meta":[],"product_cat":[75],"product_tag":[],"class_list":{"0":"post-7641","1":"product","2":"type-product","3":"status-publish","4":"has-post-thumbnail","6":"product_cat-bois-dorange","8":"first","9":"instock","10":"shipping-taxable","11":"purchasable","12":"product-type-simple"},"_links":{"self":[{"href":"https:\/\/ma.roger-gallet.com\/index.php\/wp-json\/wp\/v2\/product\/7641","targetHints":{"allow":["GET"]}}],"collection":[{"href":"https:\/\/ma.roger-gallet.com\/index.php\/wp-json\/wp\/v2\/product"}],"about":[{"href":"https:\/\/ma.roger-gallet.com\/index.php\/wp-json\/wp\/v2\/types\/product"}],"replies":[{"embeddable":true,"href":"https:\/\/ma.roger-gallet.com\/index.php\/wp-json\/wp\/v2\/comments?post=7641"}],"wp:featuredmedia":[{"embeddable":true,"href":"https:\/\/ma.roger-gallet.com\/index.php\/wp-json\/wp\/v2\/media\/7642"}],"wp:attachment":[{"href":"https:\/\/ma.roger-gallet.com\/index.php\/wp-json\/wp\/v2\/media?parent=7641"}],"wp:term":[{"taxonomy":"product_cat","embeddable":true,"href":"https:\/\/ma.roger-gallet.com\/index.php\/wp-json\/wp\/v2\/product_cat?post=7641"},{"taxonomy":"product_tag","embeddable":true,"href":"https:\/\/ma.roger-gallet.com\/index.php\/wp-json\/wp\/v2\/product_tag?post=7641"}],"curies":[{"name":"wp","href":"https:\/\/api.w.org\/{rel}","templated":true}]}}