{"id":7648,"date":"2023-02-01T20:00:52","date_gmt":"2023-02-01T19:00:52","guid":{"rendered":"https:\/\/ma.roger-gallet.com\/?post_type=product&#038;p=7648"},"modified":"2023-02-01T20:00:52","modified_gmt":"2023-02-01T19:00:52","slug":"eau-parfumee-bienfaisante-100ml","status":"publish","type":"product","link":"https:\/\/ma.roger-gallet.com\/index.php\/produit\/eau-parfumee-bienfaisante-100ml\/","title":{"rendered":"Eau Parfum\u00e9e Bienfaisante 100ml"},"content":{"rendered":"<p>Le parfum des figues bien m\u00fbres, la sieste aux heures chaudes, la fra\u00eecheur de l&#8217;ombre des feuillages&#8230; Le Ma\u00eetre Parfumeur Francis Kurkdjian nous invite \u00e0 ralentir le rythme, tout simplement.<br \/>\nEnrichi d&#8217;extrait naturel de figue aux vertus relaxantes, cet accord devenu iconique s&#8217;\u00e9tire dans la fra\u00eecheur d&#8217;agrumes juteux. La douce amertume du pamplemousse s&#8217;anime au contact des notes vertes des feuilles de mandarinier. En fond, les muscs s&#8217;installent et nous plongent dans une douce qui\u00e9tude.<br \/>\nUne fragrance iconique, chaleureuse et d\u00e9lassante, pour go\u00fbter \u00e0 l\u2019art d\u00e9licieux du farniente.<\/p>\n","protected":false},"excerpt":{"rendered":"<div class=\"text-sm my-6\" data-v-94472f64=\"\">\n<p>Un accord pulpe de figue chaleureux rafra\u00eechi par l\u2019ombre reposante des feuilles de l\u2019arbre et la note douce-amer du pamplemousse.<\/p>\n<\/div>\n","protected":false},"featured_media":7649,"comment_status":"open","ping_status":"closed","template":"","meta":[],"product_cat":[76],"product_tag":[],"class_list":{"0":"post-7648","1":"product","2":"type-product","3":"status-publish","4":"has-post-thumbnail","6":"product_cat-fleur-de-figuier","8":"first","9":"instock","10":"shipping-taxable","11":"purchasable","12":"product-type-simple"},"_links":{"self":[{"href":"https:\/\/ma.roger-gallet.com\/index.php\/wp-json\/wp\/v2\/product\/7648","targetHints":{"allow":["GET"]}}],"collection":[{"href":"https:\/\/ma.roger-gallet.com\/index.php\/wp-json\/wp\/v2\/product"}],"about":[{"href":"https:\/\/ma.roger-gallet.com\/index.php\/wp-json\/wp\/v2\/types\/product"}],"replies":[{"embeddable":true,"href":"https:\/\/ma.roger-gallet.com\/index.php\/wp-json\/wp\/v2\/comments?post=7648"}],"wp:featuredmedia":[{"embeddable":true,"href":"https:\/\/ma.roger-gallet.com\/index.php\/wp-json\/wp\/v2\/media\/7649"}],"wp:attachment":[{"href":"https:\/\/ma.roger-gallet.com\/index.php\/wp-json\/wp\/v2\/media?parent=7648"}],"wp:term":[{"taxonomy":"product_cat","embeddable":true,"href":"https:\/\/ma.roger-gallet.com\/index.php\/wp-json\/wp\/v2\/product_cat?post=7648"},{"taxonomy":"product_tag","embeddable":true,"href":"https:\/\/ma.roger-gallet.com\/index.php\/wp-json\/wp\/v2\/product_tag?post=7648"}],"curies":[{"name":"wp","href":"https:\/\/api.w.org\/{rel}","templated":true}]}}