{"id":7677,"date":"2023-02-01T20:46:42","date_gmt":"2023-02-01T19:46:42","guid":{"rendered":"https:\/\/ma.roger-gallet.com\/?post_type=product&#038;p=7677"},"modified":"2023-10-16T15:11:17","modified_gmt":"2023-10-16T13:11:17","slug":"eau-parfumee-bienfaisante-100-ml-4","status":"publish","type":"product","link":"https:\/\/ma.roger-gallet.com\/index.php\/produit\/eau-parfumee-bienfaisante-100-ml-4\/","title":{"rendered":"Eau Parfum\u00e9e Bienfaisante 100 ml"},"content":{"rendered":"<div class=\"text-sm\" data-v-94472f64=\"\">\n<p>Th\u00e9 vert est un parfum a\u00e9rien comme un nuage de th\u00e9, une harmonie lumineuse de notes citron\u00e9es et bois\u00e9es qui invite \u00e0 prendre le temps et \u00e0 savourer l&#8217;instant. Parfaitement dos\u00e9e, la caresse du citron de Calabre r\u00e9veille des notes hesp\u00e9rid\u00e9es. En coeur, l&#8217;extrait naturel de Th\u00e9 vert apaise et d\u00e9lasse. Enveloppant comme un nuage de lait, le Bois de Gaiac nous plonge ensuite dans un chaleureux fond bois\u00e9.<\/p>\n<\/div>\n","protected":false},"excerpt":{"rendered":"<div class=\"text-sm my-6\" data-v-94472f64=\"\">\n<p>Une harmonie zen de notes citronn\u00e9es, a\u00e9riennes et bois\u00e9es.<\/p>\n<\/div>\n","protected":false},"featured_media":7678,"comment_status":"open","ping_status":"closed","template":"","meta":[],"product_cat":[78],"product_tag":[],"class_list":{"0":"post-7677","1":"product","2":"type-product","3":"status-publish","4":"has-post-thumbnail","6":"product_cat-the-vert","8":"first","9":"instock","10":"shipping-taxable","11":"purchasable","12":"product-type-simple"},"_links":{"self":[{"href":"https:\/\/ma.roger-gallet.com\/index.php\/wp-json\/wp\/v2\/product\/7677","targetHints":{"allow":["GET"]}}],"collection":[{"href":"https:\/\/ma.roger-gallet.com\/index.php\/wp-json\/wp\/v2\/product"}],"about":[{"href":"https:\/\/ma.roger-gallet.com\/index.php\/wp-json\/wp\/v2\/types\/product"}],"replies":[{"embeddable":true,"href":"https:\/\/ma.roger-gallet.com\/index.php\/wp-json\/wp\/v2\/comments?post=7677"}],"wp:featuredmedia":[{"embeddable":true,"href":"https:\/\/ma.roger-gallet.com\/index.php\/wp-json\/wp\/v2\/media\/7678"}],"wp:attachment":[{"href":"https:\/\/ma.roger-gallet.com\/index.php\/wp-json\/wp\/v2\/media?parent=7677"}],"wp:term":[{"taxonomy":"product_cat","embeddable":true,"href":"https:\/\/ma.roger-gallet.com\/index.php\/wp-json\/wp\/v2\/product_cat?post=7677"},{"taxonomy":"product_tag","embeddable":true,"href":"https:\/\/ma.roger-gallet.com\/index.php\/wp-json\/wp\/v2\/product_tag?post=7677"}],"curies":[{"name":"wp","href":"https:\/\/api.w.org\/{rel}","templated":true}]}}