{"id":7681,"date":"2023-02-01T20:50:13","date_gmt":"2023-02-01T19:50:13","guid":{"rendered":"https:\/\/ma.roger-gallet.com\/?post_type=product&#038;p=7681"},"modified":"2023-02-01T20:50:13","modified_gmt":"2023-02-01T19:50:13","slug":"eau-parfumee-bienfaisante-100-ml-5","status":"publish","type":"product","link":"https:\/\/ma.roger-gallet.com\/index.php\/produit\/eau-parfumee-bienfaisante-100-ml-5\/","title":{"rendered":"Eau Parfum\u00e9e Bienfaisante 100 ml"},"content":{"rendered":"<div class=\"text-sm\" data-v-94472f64=\"\">\n<p>Epices chaudes, zestes de bergamote, accents presque vanill\u00e9s&#8230; Gingembre est un parfum \u00e9picurien qui c\u00e9l\u00e8bre la gourmandise. Une explosion de senteurs suaves et acidul\u00e9es qui ravit autant les papilles que les narines. Sensuel, l&#8217;extrait naturel de Gingembre aux vertues naturellement \u00e9nergisantes donne tout son caract\u00e8re \u00e0 la compositon. Des notes \u00e9pic\u00e9es vite rattrap\u00e9es par la chaleur ambr\u00e9e et bois\u00e9e du Benjoin.<\/p>\n<\/div>\n","protected":false},"excerpt":{"rendered":"<div class=\"text-sm my-6\" data-v-94472f64=\"\">\n<p>Une explosion d&#8217;\u00e9pices acidul\u00e9es et bois\u00e9es pour un parfum \u00e9picurien.<\/p>\n<\/div>\n","protected":false},"featured_media":7682,"comment_status":"open","ping_status":"closed","template":"","meta":[],"product_cat":[79],"product_tag":[],"class_list":{"0":"post-7681","1":"product","2":"type-product","3":"status-publish","4":"has-post-thumbnail","6":"product_cat-gingembre","8":"first","9":"instock","10":"shipping-taxable","11":"purchasable","12":"product-type-simple"},"_links":{"self":[{"href":"https:\/\/ma.roger-gallet.com\/index.php\/wp-json\/wp\/v2\/product\/7681","targetHints":{"allow":["GET"]}}],"collection":[{"href":"https:\/\/ma.roger-gallet.com\/index.php\/wp-json\/wp\/v2\/product"}],"about":[{"href":"https:\/\/ma.roger-gallet.com\/index.php\/wp-json\/wp\/v2\/types\/product"}],"replies":[{"embeddable":true,"href":"https:\/\/ma.roger-gallet.com\/index.php\/wp-json\/wp\/v2\/comments?post=7681"}],"wp:featuredmedia":[{"embeddable":true,"href":"https:\/\/ma.roger-gallet.com\/index.php\/wp-json\/wp\/v2\/media\/7682"}],"wp:attachment":[{"href":"https:\/\/ma.roger-gallet.com\/index.php\/wp-json\/wp\/v2\/media?parent=7681"}],"wp:term":[{"taxonomy":"product_cat","embeddable":true,"href":"https:\/\/ma.roger-gallet.com\/index.php\/wp-json\/wp\/v2\/product_cat?post=7681"},{"taxonomy":"product_tag","embeddable":true,"href":"https:\/\/ma.roger-gallet.com\/index.php\/wp-json\/wp\/v2\/product_tag?post=7681"}],"curies":[{"name":"wp","href":"https:\/\/api.w.org\/{rel}","templated":true}]}}